{"id":316,"date":"2024-03-05T07:03:59","date_gmt":"2024-03-05T06:03:59","guid":{"rendered":"https:\/\/imat.up.krakow.pl\/?page_id=316"},"modified":"2024-03-05T07:05:46","modified_gmt":"2024-03-05T06:05:46","slug":"akredytacja-kierunku-matematyka","status":"publish","type":"page","link":"https:\/\/matematyka.uken.krakow.pl\/?page_id=316","title":{"rendered":"Akredytacja Kierunku Matematyka"},"content":{"rendered":"<h3 class=\"widget-title icon-title\" style=\"font-size:13pt\">Akredytacja kierunku<\/h3>\n<dl><!--<b> Post\u0119powanie bie\u017c\u0105ce:<\/b>\n \t\n\n<dt class=\"naglowek\"><a href=\"https:\/\/matematyka.up.krakow.pl\/pliki\/Raport_Samooceny.pdf\">\nRaport samooceny kierunku \"matematyka\" z dnia 8 pa\u017adziernika 2019r.\n<\/a><\/dt>\n\n\n--><\/dl>\n<p><b> Post\u0119powania zako\u0144czone:<\/b><\/p>\n<dl id=\"menu0\">\n<dt class=\"naglowek\"><a href=\"\/pliki\/akredytacja2020.pdf\"><br \/>\nUchwa\u0142a Nr 340\/2014 Prezydium Polskiej Komisji Akredytacyjnej z dnia 16 lipca 2020r. w sprawie oceny jako\u015bci kszta\u0142cenia na kierunku matematyka prowadzonym w Instytucie Matematyki UP w Krakowie<br \/>\n<\/a><\/dt>\n<dt class=\"naglowek\"><a href=\"\/pliki\/akredytacja2014.pdf\"><br \/>\nUchwa\u0142a Nr 340\/2014 Prezydium Polskiej Komisji Akredytacyjnej z dnia 26 czerwca 2014r. w sprawie oceny instytucjonalnej dokonanej na Wydziale Matematyczno-Fizyczno-Technicznym UP w Krakowie<br \/>\n<\/a><\/dt>\n<dt class=\"naglowek\"><a href=\"\/pliki\/akredytacja 2010-ocena.pdf\"><br \/>\nUchwa\u0142a Nr 916\/2010 Prezydium Polskiej Komisji Akredytacyjnej z dnia 23 wrze\u015bnia 2010r. w sprawie oceny jako\u015bci kszta\u0142cenia na kierunku &#8222;matematyka&#8221; prowadzonym na Wydziale Matematyczno-Fizyczno-Technicznym UP w Krakowie<br \/>\n<\/a><\/dt>\n<\/dl>\n","protected":false},"excerpt":{"rendered":"<p>Akredytacja kierunku Post\u0119powania zako\u0144czone: Uchwa\u0142a Nr 340\/2014 Prezydium Polskiej Komisji Akredytacyjnej z dnia 16 lipca 2020r. w sprawie oceny jako\u015bci kszta\u0142cenia na kierunku matematyka prowadzonym w Instytucie Matematyki UP w Krakowie Uchwa\u0142a Nr 340\/2014 Prezydium Polskiej Komisji Akredytacyjnej z dnia 26 czerwca 2014r. w sprawie oceny instytucjonalnej dokonanej na Wydziale Matematyczno-Fizyczno-Technicznym UP w Krakowie Uchwa\u0142a [&hellip;]<\/p>\n","protected":false},"author":2,"featured_media":0,"parent":0,"menu_order":0,"comment_status":"closed","ping_status":"closed","template":"wide-page.php","meta":{"footnotes":""},"class_list":["post-316","page","type-page","status-publish","hentry"],"_links":{"self":[{"href":"https:\/\/matematyka.uken.krakow.pl\/index.php?rest_route=\/wp\/v2\/pages\/316","targetHints":{"allow":["GET"]}}],"collection":[{"href":"https:\/\/matematyka.uken.krakow.pl\/index.php?rest_route=\/wp\/v2\/pages"}],"about":[{"href":"https:\/\/matematyka.uken.krakow.pl\/index.php?rest_route=\/wp\/v2\/types\/page"}],"author":[{"embeddable":true,"href":"https:\/\/matematyka.uken.krakow.pl\/index.php?rest_route=\/wp\/v2\/users\/2"}],"replies":[{"embeddable":true,"href":"https:\/\/matematyka.uken.krakow.pl\/index.php?rest_route=%2Fwp%2Fv2%2Fcomments&post=316"}],"version-history":[{"count":3,"href":"https:\/\/matematyka.uken.krakow.pl\/index.php?rest_route=\/wp\/v2\/pages\/316\/revisions"}],"predecessor-version":[{"id":320,"href":"https:\/\/matematyka.uken.krakow.pl\/index.php?rest_route=\/wp\/v2\/pages\/316\/revisions\/320"}],"wp:attachment":[{"href":"https:\/\/matematyka.uken.krakow.pl\/index.php?rest_route=%2Fwp%2Fv2%2Fmedia&parent=316"}],"curies":[{"name":"wp","href":"https:\/\/api.w.org\/{rel}","templated":true}]}}