{"id":750,"date":"2025-10-27T06:53:56","date_gmt":"2025-10-27T05:53:56","guid":{"rendered":"https:\/\/matematyka.uken.krakow.pl\/?page_id=750"},"modified":"2025-10-27T13:13:16","modified_gmt":"2025-10-27T12:13:16","slug":"instytutowa-komisja-wyborcza","status":"publish","type":"page","link":"https:\/\/matematyka.uken.krakow.pl\/?page_id=750","title":{"rendered":"Instytutowa Komisja Wyborcza"},"content":{"rendered":"<p><strong>Sk\u0142ad Instytutowej Komisji Wyborczej w latach 2023-2027<\/strong><\/p>\n<p>dr hab. Piotr B\u0142aszczyk<br \/>\nlic. Miko\u0142aj Le Van<br \/>\ndr Grzegorz Malara &#8211; przewodnicz\u0105cy<br \/>\nlic. Norbert Trzeciakiewicz<br \/>\ndr Marcin Zieli\u0144ski<br \/>\nlic. Maciej Zi\u0119ba<\/p>\n","protected":false},"excerpt":{"rendered":"<p>Sk\u0142ad Instytutowej Komisji Wyborczej w latach 2023-2027 dr hab. Piotr B\u0142aszczyk lic. Miko\u0142aj Le Van dr Grzegorz Malara &#8211; przewodnicz\u0105cy lic. Norbert Trzeciakiewicz dr Marcin Zieli\u0144ski lic. Maciej Zi\u0119ba<\/p>\n","protected":false},"author":2,"featured_media":0,"parent":0,"menu_order":0,"comment_status":"closed","ping_status":"closed","template":"wide-page.php","meta":{"footnotes":""},"class_list":["post-750","page","type-page","status-publish","hentry"],"_links":{"self":[{"href":"https:\/\/matematyka.uken.krakow.pl\/index.php?rest_route=\/wp\/v2\/pages\/750","targetHints":{"allow":["GET"]}}],"collection":[{"href":"https:\/\/matematyka.uken.krakow.pl\/index.php?rest_route=\/wp\/v2\/pages"}],"about":[{"href":"https:\/\/matematyka.uken.krakow.pl\/index.php?rest_route=\/wp\/v2\/types\/page"}],"author":[{"embeddable":true,"href":"https:\/\/matematyka.uken.krakow.pl\/index.php?rest_route=\/wp\/v2\/users\/2"}],"replies":[{"embeddable":true,"href":"https:\/\/matematyka.uken.krakow.pl\/index.php?rest_route=%2Fwp%2Fv2%2Fcomments&post=750"}],"version-history":[{"count":5,"href":"https:\/\/matematyka.uken.krakow.pl\/index.php?rest_route=\/wp\/v2\/pages\/750\/revisions"}],"predecessor-version":[{"id":757,"href":"https:\/\/matematyka.uken.krakow.pl\/index.php?rest_route=\/wp\/v2\/pages\/750\/revisions\/757"}],"wp:attachment":[{"href":"https:\/\/matematyka.uken.krakow.pl\/index.php?rest_route=%2Fwp%2Fv2%2Fmedia&parent=750"}],"curies":[{"name":"wp","href":"https:\/\/api.w.org\/{rel}","templated":true}]}}

<p><strong>Skład Instytutowej Komisji Wyborczej w latach 2023-2027</strong></p>
<p>dr hab. Piotr Błaszczyk<br />
lic. Mikołaj Le Van<br />
dr Grzegorz Malara &#8211; przewodniczący<br />
lic. Norbert Trzeciakiewicz<br />
dr Marcin Zieliński<br />
lic. Maciej Zięba</p>

<p>Skład Instytutowej Komisji Wyborczej w latach 2023-2027 dr hab. Piotr Błaszczyk lic. Mikołaj Le Van dr Grzegorz Malara &#8211; przewodniczący lic. Norbert Trzeciakiewicz dr Marcin Zieliński lic. Maciej Zięba</p>
